{"id":25951,"date":"2026-03-19T16:24:01","date_gmt":"2026-03-19T19:24:01","guid":{"rendered":"https:\/\/licap.cl\/web\/?page_id=25951"},"modified":"2026-03-24T09:33:33","modified_gmt":"2026-03-24T12:33:33","slug":"elementor-pagina-25951","status":"publish","type":"page","link":"https:\/\/licap.cl\/web\/elementor-pagina-25951\/","title":{"rendered":"Identidad Institucional"},"content":{"rendered":"\t\t<div data-elementor-type=\"wp-page\" data-elementor-id=\"25951\" class=\"elementor elementor-25951\">\n\t\t\t\t<div class=\"elementor-element elementor-element-1e41626 e-flex e-con-boxed e-con e-parent\" data-id=\"1e41626\" data-element_type=\"container\" data-e-type=\"container\" data-settings=\"{&quot;background_background&quot;:&quot;classic&quot;}\">\n\t\t\t\t\t<div class=\"e-con-inner\">\n\t\t\t\t<div class=\"elementor-element elementor-element-eb46e17 elementor-widget elementor-widget-spacer\" data-id=\"eb46e17\" data-element_type=\"widget\" data-e-type=\"widget\" data-widget_type=\"spacer.default\">\n\t\t\t\t<div class=\"elementor-widget-container\">\n\t\t\t\t\t\t\t<div class=\"elementor-spacer\">\n\t\t\t<div class=\"elementor-spacer-inner\"><\/div>\n\t\t<\/div>\n\t\t\t\t\t\t<\/div>\n\t\t\t\t<\/div>\n\t\t<div class=\"elementor-element elementor-element-58acc65 e-con-full e-flex e-con e-child\" data-id=\"58acc65\" data-element_type=\"container\" data-e-type=\"container\">\n\t\t\t\t<div class=\"elementor-element elementor-element-98178eb elementor-widget elementor-widget-heading\" data-id=\"98178eb\" data-element_type=\"widget\" data-e-type=\"widget\" data-widget_type=\"heading.default\">\n\t\t\t\t<div class=\"elementor-widget-container\">\n\t\t\t\t\t<h2 class=\"elementor-heading-title elementor-size-default\">Identidad Institucional<\/h2>\t\t\t\t<\/div>\n\t\t\t\t<\/div>\n\t\t\t\t<div class=\"elementor-element elementor-element-97c7ca4 elementor-widget elementor-widget-text-editor\" data-id=\"97c7ca4\" data-element_type=\"widget\" data-e-type=\"widget\" data-widget_type=\"text-editor.default\">\n\t\t\t\t<div class=\"elementor-widget-container\">\n\t\t\t\t\t\t\t\t\t<p data-start=\"109\" data-end=\"542\">Nuestro liceo se define como una comunidad educativa comprometida con la formaci\u00f3n integral de sus estudiantes, guiada por principios y valores que promueven el respeto, la responsabilidad y la excelencia. A trav\u00e9s de su misi\u00f3n y visi\u00f3n, busca fortalecer el desarrollo acad\u00e9mico y personal, fomentando ciudadanos capaces de aportar positivamente a la sociedad y enfrentar los desaf\u00edos del mundo actual con compromiso y sentido \u00e9tico.<\/p>\t\t\t\t\t\t\t\t<\/div>\n\t\t\t\t<\/div>\n\t\t\t\t<div class=\"elementor-element elementor-element-82d6581 e-n-tabs-mobile elementor-widget elementor-widget-n-tabs\" data-id=\"82d6581\" data-element_type=\"widget\" data-e-type=\"widget\" data-settings=\"{&quot;horizontal_scroll&quot;:&quot;disable&quot;}\" data-widget_type=\"nested-tabs.default\">\n\t\t\t\t<div class=\"elementor-widget-container\">\n\t\t\t\t\t\t\t<div class=\"e-n-tabs\" data-widget-number=\"137192833\" aria-label=\"Pesta\u00f1as. Abre elementos con Intro o Espacio, ci\u00e9rralos con Escape y navega con las fechas.\">\n\t\t\t<div class=\"e-n-tabs-heading\" role=\"tablist\">\n\t\t\t\t\t<button id=\"e-n-tab-title-1371928331\" data-tab-title-id=\"e-n-tab-title-1371928331\" class=\"e-n-tab-title\" aria-selected=\"true\" data-tab-index=\"1\" role=\"tab\" tabindex=\"0\" aria-controls=\"e-n-tab-content-1371928331\" style=\"--n-tabs-title-order: 1;\">\n\t\t\t\t\t\t<span class=\"e-n-tab-title-text\">\n\t\t\t\tMisi\u00f3n\t\t\t<\/span>\n\t\t<\/button>\n\t\t\t\t<button id=\"e-n-tab-title-1371928332\" data-tab-title-id=\"e-n-tab-title-1371928332\" class=\"e-n-tab-title\" aria-selected=\"false\" data-tab-index=\"2\" role=\"tab\" tabindex=\"-1\" aria-controls=\"e-n-tab-content-1371928332\" style=\"--n-tabs-title-order: 2;\">\n\t\t\t\t\t\t<span class=\"e-n-tab-title-text\">\n\t\t\t\tVisi\u00f3n\t\t\t<\/span>\n\t\t<\/button>\n\t\t\t\t<button id=\"e-n-tab-title-1371928333\" data-tab-title-id=\"e-n-tab-title-1371928333\" class=\"e-n-tab-title\" aria-selected=\"false\" data-tab-index=\"3\" role=\"tab\" tabindex=\"-1\" aria-controls=\"e-n-tab-content-1371928333\" style=\"--n-tabs-title-order: 3;\">\n\t\t\t\t\t\t<span class=\"e-n-tab-title-text\">\n\t\t\t\tValores\t\t\t<\/span>\n\t\t<\/button>\n\t\t\t\t<button id=\"e-n-tab-title-1371928334\" data-tab-title-id=\"e-n-tab-title-1371928334\" class=\"e-n-tab-title\" aria-selected=\"false\" data-tab-index=\"4\" role=\"tab\" tabindex=\"-1\" aria-controls=\"e-n-tab-content-1371928334\" style=\"--n-tabs-title-order: 4;\">\n\t\t\t\t\t\t<span class=\"e-n-tab-title-text\">\n\t\t\t\tSellos Institucionales\t\t\t<\/span>\n\t\t<\/button>\n\t\t\t\t<button id=\"e-n-tab-title-1371928335\" data-tab-title-id=\"e-n-tab-title-1371928335\" class=\"e-n-tab-title\" aria-selected=\"false\" data-tab-index=\"5\" role=\"tab\" tabindex=\"-1\" aria-controls=\"e-n-tab-content-1371928335\" style=\"--n-tabs-title-order: 5;\">\n\t\t\t\t\t\t<span class=\"e-n-tab-title-text\">\n\t\t\t\tHimno del liceo\t\t\t<\/span>\n\t\t<\/button>\n\t\t\t\t\t<\/div>\n\t\t\t<div class=\"e-n-tabs-content\">\n\t\t\t\t<div id=\"e-n-tab-content-1371928331\" role=\"tabpanel\" aria-labelledby=\"e-n-tab-title-1371928331\" data-tab-index=\"1\" style=\"--n-tabs-title-order: 1;\" class=\"e-active elementor-element elementor-element-c9f180b e-con-full e-flex e-con e-child\" data-id=\"c9f180b\" data-element_type=\"container\" data-e-type=\"container\">\n\t\t\t\t<div class=\"elementor-element elementor-element-36d74d5 elementor-widget elementor-widget-text-editor\" data-id=\"36d74d5\" data-element_type=\"widget\" data-e-type=\"widget\" data-widget_type=\"text-editor.default\">\n\t\t\t\t<div class=\"elementor-widget-container\">\n\t\t\t\t\t\t\t\t\t<p>El Liceo Bicentenario Ignacio Carrera Pinto entrega a sus estudiantes una s\u00f3lida formaci\u00f3n, de calidad, de manera que sus egresados sean personas integrales: con valores, conocimientos, compromiso con el medio ambiente, habilidades art\u00edsticas y deportivas que los faculten para<br \/>acceder a estudios superiores, sean estos universitarios, t\u00e9cnicos o fuerzas armadas de acuerdo a sus proyectos de vida.<\/p>\t\t\t\t\t\t\t\t<\/div>\n\t\t\t\t<\/div>\n\t\t\t\t<\/div>\n\t\t<div id=\"e-n-tab-content-1371928332\" role=\"tabpanel\" aria-labelledby=\"e-n-tab-title-1371928332\" data-tab-index=\"2\" style=\"--n-tabs-title-order: 2;\" class=\" elementor-element elementor-element-b3046d2 e-con-full e-flex e-con e-child\" data-id=\"b3046d2\" data-element_type=\"container\" data-e-type=\"container\">\n\t\t\t\t<div class=\"elementor-element elementor-element-1dadea0 elementor-widget elementor-widget-text-editor\" data-id=\"1dadea0\" data-element_type=\"widget\" data-e-type=\"widget\" data-widget_type=\"text-editor.default\">\n\t\t\t\t<div class=\"elementor-widget-container\">\n\t\t\t\t\t\t\t\t\t<p>Formar personas comprometidas con su proyecto personal y social, capaces de enfrentar los desaf\u00edos del siglo XXI, en un ambiente de sana convivencia, que considere aspectos intelectuales, val\u00f3ricos, f\u00edsicos, art\u00edsticos y sociales, contribuyendo de esta manera al desarrollo de una sociedad democr\u00e1tica, solidaria, inclusiva y m\u00e1s justa.<\/p>\t\t\t\t\t\t\t\t<\/div>\n\t\t\t\t<\/div>\n\t\t\t\t<\/div>\n\t\t<div id=\"e-n-tab-content-1371928333\" role=\"tabpanel\" aria-labelledby=\"e-n-tab-title-1371928333\" data-tab-index=\"3\" style=\"--n-tabs-title-order: 3;\" class=\" elementor-element elementor-element-e8ff280 e-con-full e-flex e-con e-child\" data-id=\"e8ff280\" data-element_type=\"container\" data-e-type=\"container\">\n\t\t<div class=\"elementor-element elementor-element-270a75f e-grid e-con-boxed e-con e-child\" data-id=\"270a75f\" data-element_type=\"container\" data-e-type=\"container\">\n\t\t\t\t\t<div class=\"e-con-inner\">\n\t\t\t\t<div class=\"elementor-element elementor-element-86c2d44 elementor-widget__width-initial elementor-widget elementor-widget-text-editor\" data-id=\"86c2d44\" data-element_type=\"widget\" data-e-type=\"widget\" data-widget_type=\"text-editor.default\">\n\t\t\t\t<div class=\"elementor-widget-container\">\n\t\t\t\t\t\t\t\t\t<p>Los valores declarados en el PEI constituyen el referente axiol\u00f3gico, que la comunidad educativa establece para el desarrollo y cumplimiento de la Misi\u00f3n y Visi\u00f3n del establecimiento, estos valores consideran tambi\u00e9n los sellos institucionales que buscan alcanzar el aprendizaje integral del estudiante y el desarrollo de un proyecto de vida, que les permita alcanzar sus sue\u00f1os, en un ambiente de sana convivencia, donde se resuelven los conflictos y se sancionan las conductas no deseadas, que alteran el bienestar de los miembros de la comunidad educativa, de esta forma se mantiene un proceso educativo ordenado donde los estudiantes pueden recibir una s\u00f3lida formaci\u00f3n para enfrentar los desaf\u00edos del siglo XXI, sin olvidar el cuidado del medio ambiente. Estos valores se presentan transversalmente en las acciones que la Instituci\u00f3n despliega en el<br \/>\u00e1mbito curricular y organizacional, que contribuyen al desarrollo de una Convivencia Escolar, que se define como la coexistencia arm\u00f3nica entre los integrantes de la comunidad educativa, que supone una interrelaci\u00f3n positiva entre ellos y permite un adecuado cumplimiento de los objetivos educativos en un clima que propicia el desarrollo integral de los\/las estudiantes, mejorando las relaciones interpersonales dentro del establecimientos como tambi\u00e9n en su entorno familiar, laboral y personal.\u00a0<\/p><p>Existen tres valores establecidos como pilares fundamentales: Autonom\u00eda, Respeto y Liderazgo, y a partir de los cuales se desprenden otros, cuyo desarrollo permite el cumplimiento b\u00e1sico y efectivo de los pilares.<\/p>\t\t\t\t\t\t\t\t<\/div>\n\t\t\t\t<\/div>\n\t\t\t\t<div class=\"elementor-element elementor-element-bfb740a elementor-widget elementor-widget-text-editor\" data-id=\"bfb740a\" data-element_type=\"widget\" data-e-type=\"widget\" data-widget_type=\"text-editor.default\">\n\t\t\t\t<div class=\"elementor-widget-container\">\n\t\t\t\t\t\t\t\t\t<h2>-Autonom\u00eda\u00a0 \u00a0 \u00a0 \u00a0 \u00a0 \u00a0\u00a0<\/h2><h2>&#8211;<span style=\"font-size: 2.375rem; font-style: inherit;\">Libertad<\/span><\/h2><h2>-Responsabilidad\u00a0<\/h2><h2>-Perseverancia\u00a0 \u00a0 \u00a0<\/h2><h2>&#8211;<span style=\"font-size: 2.375rem; font-style: inherit;\">Respeto<\/span><\/h2><h2>-Tolerancia\u00a0 \u00a0 \u00a0 \u00a0 \u00a0 \u00a0 \u00a0<\/h2><h2>&#8211;<span style=\"font-size: 2.375rem; font-style: inherit;\">Lealtad<\/span><\/h2><h2>-Solidaridad\u00a0 \u00a0 \u00a0 \u00a0<\/h2><h2>&#8211;<span style=\"font-size: 2.375rem; font-style: inherit;\">Participaci\u00f3n<\/span><\/h2><h2>-Liderazgo\u00a0 \u00a0 \u00a0 \u00a0 \u00a0<\/h2><h2><span style=\"font-size: 2.375rem;\">&#8211;<\/span><span style=\"font-size: 2.375rem; font-style: inherit;\">Honestidad<\/span><\/h2>\t\t\t\t\t\t\t\t<\/div>\n\t\t\t\t<\/div>\n\t\t\t\t\t<\/div>\n\t\t\t\t<\/div>\n\t\t\t\t<\/div>\n\t\t<div id=\"e-n-tab-content-1371928334\" role=\"tabpanel\" aria-labelledby=\"e-n-tab-title-1371928334\" data-tab-index=\"4\" style=\"--n-tabs-title-order: 4;\" class=\" elementor-element elementor-element-d8b32b3 e-flex e-con-boxed e-con e-child\" data-id=\"d8b32b3\" data-element_type=\"container\" data-e-type=\"container\">\n\t\t\t\t\t<div class=\"e-con-inner\">\n\t\t\t\t<div class=\"elementor-element elementor-element-2c9893d elementor-widget elementor-widget-text-editor\" data-id=\"2c9893d\" data-element_type=\"widget\" data-e-type=\"widget\" data-widget_type=\"text-editor.default\">\n\t\t\t\t<div class=\"elementor-widget-container\">\n\t\t\t\t\t\t\t\t\t<ul><li><h5>Aprendizaje Integral : Otorga importancia a todas las dimensiones del aprendizaje: conocimientos, habilidades y actitudes.<\/h5><\/li><li><h5>Formaci\u00f3n para el proyecto de vida: Proceso orientador que brinda las herramientas para que los estudiantes descubran sus capacidades e intereses en pos de la formulaci\u00f3n de su proyecto de vida.<\/h5><\/li><\/ul>\t\t\t\t\t\t\t\t<\/div>\n\t\t\t\t<\/div>\n\t\t\t\t\t<\/div>\n\t\t\t\t<\/div>\n\t\t<div id=\"e-n-tab-content-1371928335\" role=\"tabpanel\" aria-labelledby=\"e-n-tab-title-1371928335\" data-tab-index=\"5\" style=\"--n-tabs-title-order: 5;\" class=\" elementor-element elementor-element-5966148 e-flex e-con-boxed e-con e-child\" data-id=\"5966148\" data-element_type=\"container\" data-e-type=\"container\">\n\t\t\t\t\t<div class=\"e-con-inner\">\n\t\t<div class=\"elementor-element elementor-element-5b16a61 e-flex e-con-boxed e-con e-child\" data-id=\"5b16a61\" data-element_type=\"container\" data-e-type=\"container\">\n\t\t\t\t\t<div class=\"e-con-inner\">\n\t\t\t\t<div class=\"elementor-element elementor-element-f0b0afe elementor-widget elementor-widget-spacer\" data-id=\"f0b0afe\" data-element_type=\"widget\" data-e-type=\"widget\" data-widget_type=\"spacer.default\">\n\t\t\t\t<div class=\"elementor-widget-container\">\n\t\t\t\t\t\t\t<div class=\"elementor-spacer\">\n\t\t\t<div class=\"elementor-spacer-inner\"><\/div>\n\t\t<\/div>\n\t\t\t\t\t\t<\/div>\n\t\t\t\t<\/div>\n\t\t\t\t<div class=\"elementor-element elementor-element-cdf1a2d elementor-widget elementor-widget-text-editor\" data-id=\"cdf1a2d\" data-element_type=\"widget\" data-e-type=\"widget\" data-widget_type=\"text-editor.default\">\n\t\t\t\t<div class=\"elementor-widget-container\">\n\t\t\t\t\t\t\t\t\t<p>La Concepci\u00f3n y sus h\u00e9roes,<br \/>Consolidada de ayer<br \/>son los pilares y el alma<br \/>de este lugar del saber.<\/p><p>\u00a0<\/p><p>Ignacio Carrera Pinto,<\/p><p>flama y ejemplo inmortal,<\/p><p>y los que ayer, visionarios,<br \/>Liceo nos quisieron dar.<\/p><p>Tus valores, su moral<br \/>son escudo en mi andar.<\/p><p>\u00a0<\/p><p>Carrera Pinto, de los valientes,<br \/>hacia la gesta del saber,<br \/>luchando fuerte y sin rendirse,<br \/>por el progreso y por el bien.<\/p><p>\u00a0<\/p><p>Carrera Pinto, \u00e1rbol en gracia, tus<br \/>frutos se hallan por doquier. Por<br \/>los confines haciendo Patria,<\/p><p>de tu ense\u00f1anza dando f\u00e9.<\/p><p>\u00a0<\/p><p>Como emulando el arrojo<br \/>del capit\u00e1n, ah\u00ed ya van,<br \/>los estudiantes al frente<br \/>a ese futuro alcanzar.<\/p><p>\u00a0<\/p><p>Liceo amado y bendito,<br \/>por tu historia y la de \u00e9l,<br \/>me esforzar\u00e9 por mi gloria<br \/>y as\u00ed su venias tener.<\/p><p>\u00a0<\/p><p>Tus valores, su moral<br \/>son escudo en mi andar.<br \/>Carrera Pinto, de los valientes,<br \/>hacia la gesta del saber,<br \/>luchando fuerte y sin rendirse,<br \/>por el progreso y por el bien.<\/p><p>\u00a0<\/p><p>Carrera Pinto, \u00e1rbol en gracia,<br \/>tus frutos se hallan por<br \/>doquier por los confines<br \/>haciendo Patria, de tu<br \/>ense\u00f1anza dando f\u00e9.<\/p><p>\u00a0<\/p><p>Por el progreso y por el bien<br \/>Soy del LICAP y triunfar\u00e9.<\/p>\t\t\t\t\t\t\t\t<\/div>\n\t\t\t\t<\/div>\n\t\t\t\t\t<\/div>\n\t\t\t\t<\/div>\n\t\t\t\t\t<\/div>\n\t\t\t\t<\/div>\n\t\t\t\t\t<\/div>\n\t\t<\/div>\n\t\t\t\t\t\t<\/div>\n\t\t\t\t<\/div>\n\t\t\t\t<\/div>\n\t\t\t\t\t<\/div>\n\t\t\t\t<\/div>\n\t\t<div class=\"elementor-element elementor-element-a9f6889 e-flex e-con-boxed e-con e-parent\" data-id=\"a9f6889\" data-element_type=\"container\" data-e-type=\"container\" data-settings=\"{&quot;background_background&quot;:&quot;classic&quot;}\">\n\t\t\t\t\t<div class=\"e-con-inner\">\n\t\t\t\t\t<\/div>\n\t\t\t\t<\/div>\n\t\t\t\t<\/div>\n\t\t","protected":false},"excerpt":{"rendered":"<p>Identidad Institucional Nuestro liceo se define como una comunidad educativa comprometida con la formaci\u00f3n integral de sus estudiantes, guiada por principios y valores que promueven el respeto, la responsabilidad y la excelencia. A trav\u00e9s de su misi\u00f3n y visi\u00f3n, busca fortalecer el desarrollo acad\u00e9mico y personal, fomentando ciudadanos capaces de aportar positivamente a la sociedad [&hellip;]<\/p>\n","protected":false},"author":1,"featured_media":0,"parent":0,"menu_order":0,"comment_status":"closed","ping_status":"closed","template":"","meta":{"_monsterinsights_skip_tracking":false,"_monsterinsights_sitenote_active":false,"_monsterinsights_sitenote_note":"","_monsterinsights_sitenote_category":0,"site-sidebar-layout":"no-sidebar","site-content-layout":"page-builder","ast-site-content-layout":"full-width-container","site-content-style":"unboxed","site-sidebar-style":"unboxed","ast-global-header-display":"","ast-banner-title-visibility":"","ast-main-header-display":"","ast-hfb-above-header-display":"","ast-hfb-below-header-display":"","ast-hfb-mobile-header-display":"","site-post-title":"disabled","ast-breadcrumbs-content":"","ast-featured-img":"disabled","footer-sml-layout":"","ast-disable-related-posts":"","theme-transparent-header-meta":"","adv-header-id-meta":"","stick-header-meta":"","header-above-stick-meta":"","header-main-stick-meta":"","header-below-stick-meta":"","astra-migrate-meta-layouts":"set","ast-page-background-enabled":"default","ast-page-background-meta":{"desktop":{"background-color":"","background-image":"","background-repeat":"repeat","background-position":"center center","background-size":"auto","background-attachment":"scroll","background-type":"","background-media":"","overlay-type":"","overlay-color":"","overlay-opacity":"","overlay-gradient":""},"tablet":{"background-color":"","background-image":"","background-repeat":"repeat","background-position":"center center","background-size":"auto","background-attachment":"scroll","background-type":"","background-media":"","overlay-type":"","overlay-color":"","overlay-opacity":"","overlay-gradient":""},"mobile":{"background-color":"","background-image":"","background-repeat":"repeat","background-position":"center center","background-size":"auto","background-attachment":"scroll","background-type":"","background-media":"","overlay-type":"","overlay-color":"","overlay-opacity":"","overlay-gradient":""}},"ast-content-background-meta":{"desktop":{"background-color":"var(--ast-global-color-5)","background-image":"","background-repeat":"repeat","background-position":"center center","background-size":"auto","background-attachment":"scroll","background-type":"","background-media":"","overlay-type":"","overlay-color":"","overlay-opacity":"","overlay-gradient":""},"tablet":{"background-color":"var(--ast-global-color-5)","background-image":"","background-repeat":"repeat","background-position":"center center","background-size":"auto","background-attachment":"scroll","background-type":"","background-media":"","overlay-type":"","overlay-color":"","overlay-opacity":"","overlay-gradient":""},"mobile":{"background-color":"var(--ast-global-color-5)","background-image":"","background-repeat":"repeat","background-position":"center center","background-size":"auto","background-attachment":"scroll","background-type":"","background-media":"","overlay-type":"","overlay-color":"","overlay-opacity":"","overlay-gradient":""}},"footnotes":""},"class_list":["post-25951","page","type-page","status-publish","hentry"],"_links":{"self":[{"href":"https:\/\/licap.cl\/web\/wp-json\/wp\/v2\/pages\/25951","targetHints":{"allow":["GET"]}}],"collection":[{"href":"https:\/\/licap.cl\/web\/wp-json\/wp\/v2\/pages"}],"about":[{"href":"https:\/\/licap.cl\/web\/wp-json\/wp\/v2\/types\/page"}],"author":[{"embeddable":true,"href":"https:\/\/licap.cl\/web\/wp-json\/wp\/v2\/users\/1"}],"replies":[{"embeddable":true,"href":"https:\/\/licap.cl\/web\/wp-json\/wp\/v2\/comments?post=25951"}],"version-history":[{"count":60,"href":"https:\/\/licap.cl\/web\/wp-json\/wp\/v2\/pages\/25951\/revisions"}],"predecessor-version":[{"id":26519,"href":"https:\/\/licap.cl\/web\/wp-json\/wp\/v2\/pages\/25951\/revisions\/26519"}],"wp:attachment":[{"href":"https:\/\/licap.cl\/web\/wp-json\/wp\/v2\/media?parent=25951"}],"curies":[{"name":"wp","href":"https:\/\/api.w.org\/{rel}","templated":true}]}}